.
8
What is the remainder when 77418 is divided by 40?
18
What is the remainder when 18613 is divided by 142?
11
What is the remainder when 20396 is divided by 136?
132
What is the remainder when 2056 is divided by 103?
99
What is the remainder when 9166 is divided by 8960?
206
Calculate the remainder when 659755 is divided by 182.
5
What is the remainder when 1072497 is divided by 250?
247
What is the remainder when 1241 is divided by 1195?
46
What is the remainder when 237 is divided by 66?
39
What is the remainder when 3569 is divided by 656?
289
Calculate the remainder when 10233 is divided by 5107.
19
What is the remainder when 346318 is divided by 180?
178
Calculate the remainder when 10164 is divided by 186.
120
Calculate the remainder when 5197 is divided by 1032.
37
What is the remainder when 90509 is divided by 22621?
25
Calculate the remainder when 1807 is divided by 705.
397
Calculate the remainder when 17686 is divided by 290.
286
What is the remainder when 133933 is divided by 19133?
2
Calculate the remainder when 17136 is divided by 2853.
18
What is the remainder when 11555 is divided by 411?
47
What is the remainder when 9316 is divided by 518?
510
Calculate the remainder when 8459 is divided by 2803.
50
What is the remainder when 688151 is divided by 212?
211
Calculate the remainder when 720669 is divided by 96.
93
What is the remainder when 4044 is divided by 757?
259
Calculate the remainder when 139775 is divided by 42.
41
Calculate the remainder when 11396 is divided by 87.
86
Calculate the remainder when 20750 is divided by 1729.
2
Calculate the remainder when 170114 is divided by 28352.
2
Calculate the remainder when 7534 is divided by 7093.
441
Calculate the remainder when 2810 is divided by 349.
18
Calculate the remainder when 1497 is divided by 207.
48
What is the remainder when 18680 is divided by 206?
140
Calculate the remainder when 605 is divided by 404.
201
What is the remainder when 7477 is divided by 68?
65
What is the remainder when 36205 is divided by 442?
403
What is the remainder when 37634 is divided by 12468?
230
Calculate the remainder when 916437 is divided by 280.
277
What is the remainder when 10499 is divided by 30?
29
Calculate the remainder when 1188 is divided by 87.
57
Calculate the remainder when 3577 is divided by 108.
13
Calculate the remainder when 722642 is divided by 236.
10
What is the remainder when 4729 is divided by 66?
43
What is the remainder when 149688 is divided by 49884?
36
Calculate the remainder when 16904 is divided by 16901.
3
What is the remainder when 24748 is divided by 70?
38
What is the remainder when 22514 is divided by 3210?
44
Calculate the remainder when 7592 is divided by 96.
8
Calculate the remainder when 1515 is divided by 1317.
198
What is the remainder when 571112 is divided by 546?
542
What is the remainder when 112266 is divided by 19?
14
Calculate the remainder when 17805 is divided by 342.
21
Calculate the remainder when 3861 is divided by 1296.
1269
What is the remainder when 9661 is divided by 4808?
45
Calculate the remainder when 13568 is divided by 3385.
28
Calculate the remainder when 37607 is divided by 13.
11
What is the remainder when 78021 is divided by 41?
39
What is the remainder when 571757 is divided by 114350?
7
Calculate the remainder when 4402 is divided by 195.
112
Calculate the remainder when 526678 is divided by 95.
93
Calculate the remainder when 69419 is divided by 78.
77
What is the remainder when 613598 is divided by 236?
234
Calculate the remainder when 2213741 is divided by 104.
101
Calculate the remainder when 65400 is divided by 228.
192
Calculate the remainder when 25276 is divided by 31.
11
Calculate the remainder when 12160 is divided by 34.
22
What is the remainder when 112553 is divided by 18?
17
Calculate the remainder when 16952 is divided by 326.
0
What is the remainder when 23658 is divided by 7881?
15
Calculate the remainder when 662 is divided by 245.
172
What is the remainder when 15258 is divided by 109?
107
Calculate the remainder when 23943 is divided by 1411.
1367
What is the remainder when 188010 is divided by 93969?
72
What is the remainder when 287832 is divided by 1411?
1399
What is the remainder when 30792 is divided by 173?
171
Calculate the remainder when 59870 is divided by 16.
14
Calculate the remainder when 5779 is divided by 158.
91
What is the remainder when 15304 is divided by 567?
562
Calculate the remainder when 38888 is divided by 286.
278
Calculate the remainder when 253745 is divided by 106.
87
Calculate the remainder when 67598 is divided by 243.
44
What is the remainder when 181470 is divided by 868?
58
Calculate the remainder when 4647 is divided by 920.
47
Calculate the remainder when 807 is divided by 705.
102
Calculate the remainder when 9765 is divided by 33.
30
What is the remainder when 125 is divided by 25?
0
What is the remainder when 557031 is divided by 69628?
7
What is the remainder when 117682 is divided by 12?
10
What is the remainder when 35627 is divided by 5?
2
What is the remainder when 20279 is divided by 102?
83
Calculate the remainder when 1112 is divided by 276.
8
Calculate the remainder when 41484 is divided by 885.
774
What is the remainder when 4104 is divided by 15?
9
Calculate the remainder when 4529119 is divided by 89.
87
Calculate the remainder when 54780 is divided by 898.
2
What is the remainder when 12268 is divided by 4081?
25
Calculate the remainder when 7214 is divided by 267.
5
Calculate the remainder when 158058 is divided by 19757.
2
What is the remainder when 20984 is divided by 66?
62
Calculate the remainder when 9368 is divided by 332.
72
Calculate the remainder when 4997 is divided by 19.
0
Calculate the remainder when 735 is divided by 15.
0
What is the remainder when 1044685 is divided by 30?
25
What is the remainder when 8574633 is divided by 14?
11
What is the remainder when 13616 is divided by 136?
16
Calculate the remainder when 41207 is divided by 68.
67
What is the remainder when 15211 is divided by 1013?
16
What is the remainder when 2530 is divided by 630?
10
Calculate the remainder when 727 is divided by 6.
1
Calculate the remainder when 516429 is divided by 388.
1
Calculate the remainder when 8661 is divided by 2886.
3
What is the remainder when 6385 is divided by 110?
5
Calculate the remainder when 50244 is divided by 134.
128
What is the remainder when 330 is divided by 66?
0
What is the remainder when 7489 is divided by 11?
9
What is the remainder when 32443 is divided by 16216?
11
What is the remainder when 1482 is divided by 73?
22
What is the remainder when 376016 is divided by 17?
10
Calculate the remainder when 369 is divided by 50.
19
Calculate the remainder when 62671 is divided by 545.
541
What is the remainder when 5808 is divided by 342?
336
What is the remainder when 181766 is divided by 213?
77
What is the remainder when 121805 is divided by 46?
43
What is the remainder when 32600 is divided by 5113?
1922
What is the remainder when 422367 is divided by 11415?
12
What is the remainder when 729860 is divided by 37?
35
What is the remainder when 40341 is divided by 20150?
41
What is the remainder when 4492 is divided by 210?
82
What is the remainder when 7896 is divided by 31?
22
Calculate the remainder when 399824 is divided by 66.
62
Calculate the remainder when 1135376 is divided by 1363.
1360
What is the remainder when 15731 is divided by 36?
35
Calculate the remainder when 1386520 is divided by 678.
10
What is the remainder when 6005 is divided by 410?
265
What is the remainder when 23540 is divided by 72?
68
Calculate the remainder when 88089 is divided by 351.
339
Calculate the remainder when 11753 is divided by 11725.
28
Calculate the remainder when 206419 is divided by 201.
193
Calculate the remainder when 14563 is divided by 12.
7
What is the remainder when 19924 is divided by 369?
367
What is the remainder when 13175 is divided by 277?
156
Calculate the remainder when 835414 is divided by 36.
34
What is the remainder when 16199 is divided by 60?
59
Calculate the remainder when 31343 is divided by 8.
7
What is the remainder when 5804 is divided by 819?
71
Calculate the remainder when 1765410 is divided by 13.
10
Calcu